- 3)*b*38. Let o = k - -44. What are the prime factors of o?
5
Suppose -2*b = 2*b + 12. Let f be -27 - ((2 - -1) + b). Let d = -19 - f. What are the prime factors of d?
2
Let r(d) = 44*d + 7. Suppose -5*j + 27*c = 22*c - 40, -2*j + 4*c = -14. What are the prime factors of r(j)?
13, 31
Suppose 44623 = 17*o - 74071. What are the prime factors of o?
2, 3491
Suppose -376629 = 177*n - 3925511 - 1627660. List the prime factors of n.
2, 7, 2089
Let b(w) = -w**3 + 15*w**2 - 4. Suppose -20*z = -24*z + 60. Let k be b(z). List the prime factors of (-3)/(-6) + (-650)/k.
163
Let b(m) = -19*m**2 + 2*m - 1. Let n be b(3). Let o = 261 + n. Suppose -5*v + o + 172 = q, -812 = -3*q - 4*v. List the prime factors of q.
2, 17
Let b(f) = -26*f + 99. Suppose 0 = 19*i - 24*i - 195. What are the prime factors of b(i)?
3, 7, 53
Let k = 59 + -55. Suppose k*o - 3*r - 210 = 0, -4*o - 2*r - r + 222 = 0. Suppose o = j + 13. List the prime factors of j.
41
Let v be 4979/13 + (2 - -4). Let o = 844 - v. What are the prime factors of o?
5, 7, 13
Let l be (-620)/(-50) + -12 - (-7916)/10. Suppose -112*s - l = -118*s. What are the prime factors of s?
2, 3, 11
Suppose 3*o - 6 = -18. Let i be 136*(o + 3 + 0). Let r = i - -218. What are the prime factors of r?
2, 41
Suppose -5*x = -3*x - j + 289, 0 = -4*j - 20. Let w = 188 + x. What are the prime factors of w?
41
Let l(j) = -100*j**3 + j**2 + 3. Let c be (-4)/1 + -2 + (2 - -2). What are the prime factors of l(c)?
3, 269
Let c be 2 + -1 + 2 + 1. Suppose 0 = -c*o - 4, 3*g + 2*g - o - 4081 = 0. Suppose -14*l + 20*l = g. What are the prime factors of l?
2, 17
Suppose -45*y = 78050 - 1120070. What are the prime factors of y?
2, 7, 827
Suppose -2*b = -3*o - 31, 2*o - 5*b + 28 = -0*o. What are the prime factors of o/2*536/(-12)?
3, 67
Let c be (-1*(-3 - -3))/(2 + -4). Suppose -4*j - 16 = c, 5*n + 128 - 2 = -4*j. What are the prime factors of (n/(-6))/(5/120)?
2, 11
Let v = -4 - -3. Let r(m) = m + 1. Let c(n) = 14*n + 28. Let h(g) = c(g) - 28*r(g). List the prime factors of h(v).
2, 7
Suppose -223*n - 87555 = -236*n. List the prime factors of n.
3, 5, 449
What are the prime factors of (13650/260)/((-9)/4)*1035/(-2)?
3, 5, 7, 23
Suppose -3*b + 31 = 7. What are the prime factors of (-202)/(-3) + b/12?
2, 17
Let l(k) = 3*k**2 + 13*k + 16. Let u(g) = g**3 - 14*g**2 + 17*g - 22. Let x be u(13). Let w be (-276)/x - (-1)/5. List the prime factors of l(w).
2, 71
Suppose 2 = -8*w - 6. Let k be 440 + 0/((4/2)/w). Suppose -k = -12*u + 7*u. List the prime factors of u.
2, 11
Let u(v) = 317*v**3 + 3*v**2 - 2*v - 2. What are the prime factors of u(4)?
2, 10163
Let w(p) = 4*p**2 - 32*p + 20. Let t be w(8). What are the prime factors of 13/(-130) + 7922/t?
2, 3, 11
Let h = -62250 + 123595. List the prime factors of h.
5, 12269
Suppose -1800 = 2*l - 17*l. Let p be 1/(-7) - l/(-7). Suppose p = -f + 220. List the prime factors of f.
7, 29
Suppose 4*s + 56 = 3*s. Let d = 193 + 10. Let q = d + s. List the prime factors of q.
3, 7
Let z(q) = 4*q**2 + 9*q + 5. Let t be z(5). Suppose 52*l - 58*l = -t. What are the prime factors of l?
5
Let w = -29 - -33. Suppose -w*d = -15*d + 9284. List the prime factors of d.
2, 211
Suppose 0 = -11*x + 17*x - 42. Suppose 0 = -3*a - x*a - 40. List the prime factors of (6 + a)*(-269)/(-2).
269
Let j(m) = -m**3 + 82*m**2 + 1287*m - 24. What are the prime factors of j(-17)?
2, 3, 13, 43
Let y = -880 + 978. Let w be 3/(-12) + 17/4. Suppose -y = -w*s - 34. List the prime factors of s.
2
Suppose -6*h = -h - 15. Suppose h*c - 3 = -3*k, -2*c = 7 + 1. Suppose 0 = k*l - 57 - 58. What are the prime factors of l?
23
Suppose -2*l + 10746 = t, -52688 + 9680 = -4*t - 4*l. What are the prime factors of t?
2, 3, 11, 163
Let k(d) = 562*d - 12. Let y = -180 + 182. What are the prime factors of k(y)?
2, 139
What are the prime factors of (-2)/10*10522*2/((-22)/55)?
2, 5261
Let b(y) = -y - 3. Let h be b(-15). Suppose -2*f = 4*l + 62, -2*l + 5*f - 37 = -h. List the prime factors of (1 - -54) + (l - -14).
2, 3
Let d(w) = 51*w - 259. Let f be d(5). Let k(u) = 6*u**2 + 5*u + 3. Let s(o) = 3*o**2 + 3*o + 2. Let a(c) = 6*k(c) - 11*s(c). List the prime factors of a(f).
2, 7
Suppose 0 = -30*w + 33*w - 15. Suppose -5*h - 197 = -l, -w*l - h + 0*h + 907 = 0. What are the prime factors of l?
2, 7, 13
Suppose -4*q = -0*q + 4*j - 32, -3*j = -q - 8. Suppose 0 = -5*n - 5*x + 150, -q*n = -n - x - 98. What are the prime factors of n?
2
What are the prime factors of ((-1)/5)/((-108)/(-720))*(-32310)/4?
2, 3, 5, 359
Let b(x) = 18*x**3 - 8*x**2 + 27*x - 10. What are the prime factors of b(10)?
2, 3, 5, 97
Suppose 3*i = 16 - 10. Suppose 2*w + 2*o = 110, -3*w - i*o = -127 - 40. Suppose -55*n + w*n = 216. List the prime factors of n.
2, 3
Suppose -23*o + 90 = -2. What are the prime factors of (-463854)/(-2231) - o/(-46)?
2, 13
Let p(l) be the first derivative of l**3/3 + 13*l**2/2 - 69*l + 33. What are the prime factors of p(-24)?
3, 5, 13
Let f = 16087 - 7906. What are the prime factors of (f/36 - -11) + (-6)/(-8)?
239
Let v = 140958 - 79029. List the prime factors of v.
3, 7, 983
Suppose -5*j - c = -34524, -1203*j = -1204*j + 5*c + 6936. List the prime factors of j.
2, 3, 1151
Suppose 3*x + 2*z = 12 - 2, 4*z = -x. Suppose 92 = -2*o - x*i, 2*o - 4 = -2*i - 96. Let a = -20 - o. List the prime factors of a.
2, 13
Let j = 17065 + -10249. Suppose -16*s + 40*s - j = 0. What are the prime factors of s?
2, 71
Let l be (-11)/(3 - 57/18). Suppose -17*a = -1295 + 343. Let c = l - a. What are the prime factors of c?
2, 5
Let d = 220 - 201. Suppose -r + 313 = -d. What are the prime factors of r?
2, 83
Let b(o) = -21*o + 58. Let s be 75/(-90) + (-194)/12. What are the prime factors of b(s)?
5, 83
What are the prime factors of 18938 + (4 - (-26)/(-10))/((-19)/(-95))?
3, 5, 421
Let s = -53 - -38. Let j be (-6)/s - 4944/10. What are the prime factors of (-18)/(-15) + -1 + j/(-5)?
3, 11
Suppose -3*h = n - 5*n - 22007, -4*h + 29301 = 3*n. What are the prime factors of h?
3, 7, 349
Suppose -3*u - 6 = -u, -4386 = -2*p + 2*u. What are the prime factors of p?
2, 3, 5, 73
Let s(w) = 141*w**2 + 11*w - 8. Let k(y) = -y**2 - 2*y + 3. Let l(f) = -4*k(f) + s(f). List the prime factors of l(2).
2, 13, 23
Suppose m - 9 = -3*h, -2*m - 8*h + 3*h = -19. Let f be (8/m)/((-128)/66 + 2). Suppose 4 = -f*u + 400. What are the prime factors of u?
2, 3
Let i(c) = 53*c - 83. Let f be i(-10). What are the prime factors of f/(-3) - (95/15 - 7)?
5, 41
Let t be (-2 - 9/(-6))/(3/(-24)). Suppose t*u = u + 2067. What are the prime factors of u?
13, 53
Let z(c) be the first derivative of -7 + 5*c + 1/3*c**3 - 3*c**2. List the prime factors of z(8).
3, 7
Let o = -64 + 85. Let q = 25 - o. Suppose 3*v - 536 = -j, -q*j = 4*v - 25 - 703. What are the prime factors of v?
3, 59
List the prime factors of 668272/36 - 80/72.
2, 9281
Suppose 0 = p - a - 2*a - 14, 4*p - 12 = a. Suppose p*x - 3*w = -8*w - 24, -2*x + w - 24 = 0. List the prime factors of (9/12 - 0) + (-1911)/x.
2, 5
Let z(g) = g**2 - 6*g - 46. Suppose 4*u - 54 = 2*a, 4*u - 24 = -4*a + 36. Suppose -22 = 12*m - u*m. List the prime factors of z(m).
3
Let f(i) = 28 - 7*i - 5*i**2 - 10 + i**3 - 16 - 2*i**3. List the prime factors of f(-9).
389
Let u be (30 + -32)/(1/(-11) - 0). Suppose -u = 4*g - 2. What are the prime factors of (1*-13)/(g/65)?
13
Suppose 8 = -a - 4*x, 0 = 5*a - 6*x + 9*x - 28. Suppose 106 = -a*h + 1522. What are the prime factors of h?
3, 59
Suppose -39*u - 307 = -40*u. Suppose -u - 333 = -5*j. List the prime factors of j.
2
Suppose 9*r - 19728 = -9*r. Suppose 0 = 10*s - 8*s - 4*f - 1106, -2*s = f - r. List the prime factors of s.
3, 61
Let l be (-6)/22 + (-5402)/(-407). List the prime factors of (-10)/(-260)*4 - (-21136)/l.
2, 3, 271
Let v(k) = 2*k. Let g be v(2). Suppose 0 = 3*x - x - g. Suppose 3*c - 2*n = 47, 120 = -x*c + 7*c + 5*n. List the prime factors of c.
19
Suppose a = 3*a - 4*f, 0 = -3*a + 4*f. Suppose -3*l = 2*g - 5*l - 818, l = a. List the prime factors of g.
409
List the prime factors of 1398 - (1/1 + 48/((-24)/3)).
23, 61
Suppose -2*x = 5*d - 56883, 4*d + 28*x = 29*x + 45496. What are the prime factors of d?
5, 7, 13
List the prime factors of -12*155*(1/(-2) + 10/(-12)).
2, 5, 31
Let a(l) = -l**3 - 32*l**2 + 46*l - 100. Let w be a(-33). 